{"id":2,"date":"2023-04-02T11:14:30","date_gmt":"2023-04-02T09:14:30","guid":{"rendered":"https:\/\/hoch-zeit.com\/?page_id=2"},"modified":"2023-08-25T16:47:11","modified_gmt":"2023-08-25T14:47:11","slug":"beispiel-seite","status":"publish","type":"page","link":"https:\/\/hoch-zeit.com\/","title":{"rendered":"Damit es der sch\u00f6nste Tag eures Lebens wird!"},"content":{"rendered":"\r\n<p style=\"text-align: left;\"><strong>Freie Trauungen in Berlin und Umgebung<\/strong><\/p>\r\n<p style=\"text-align: left;\">\u00a0<\/p>\r\n\r\n\r\n\r\n<figure class=\"wp-block-image size-full\"><img loading=\"lazy\" decoding=\"async\" width=\"1000\" height=\"667\" class=\"wp-image-34\" src=\"https:\/\/hoch-zeit.com\/wp-content\/uploads\/2023\/06\/HHPneu-1.jpg\" alt=\"\" srcset=\"https:\/\/hoch-zeit.com\/wp-content\/uploads\/2023\/06\/HHPneu-1.jpg 1000w, https:\/\/hoch-zeit.com\/wp-content\/uploads\/2023\/06\/HHPneu-1-300x200.jpg 300w, https:\/\/hoch-zeit.com\/wp-content\/uploads\/2023\/06\/HHPneu-1-768x512.jpg 768w\" sizes=\"auto, (max-width: 767px) 89vw, (max-width: 1000px) 54vw, (max-width: 1071px) 543px, 580px\" \/><\/figure>\r\n\r\n\r\n\r\n<p style=\"text-align: left;\">Eine Freie Trauung ist die romantischste und pers\u00f6nlichste M\u00f6glichkeit, \u201eJa\u201c zu sagen!<\/p>\r\n\r\n\r\n\r\n<p style=\"text-align: left;\">Zusammen mit euch entwickle ich eine individuelle Zeremonie, in der ihr euch ganz wiederfindet. Ihr habt eure Traumfrau\/euren Traummann gefunden, jetzt feiern wir eure gro\u00dfe Liebe!<\/p>\r\n\r\n\r\n\r\n<p style=\"text-align: left;\">Ob hetero, schwul oder lesbisch: Ihr traut euch? Ich traue euch!<\/p>\r\n<p>&nbsp;<\/p>\r\n<audio class=\"wp-audio-shortcode\" id=\"audio-2-1\" preload=\"none\" style=\"width: 100%;\" controls=\"controls\"><source type=\"audio\/mpeg\" src=\"https:\/\/hoch-zeit.com\/wp-content\/uploads\/2023\/08\/HZ20230825.mp3?_=1\" \/><a href=\"https:\/\/hoch-zeit.com\/wp-content\/uploads\/2023\/08\/HZ20230825.mp3\">https:\/\/hoch-zeit.com\/wp-content\/uploads\/2023\/08\/HZ20230825.mp3<\/a><\/audio>\r\n\r\n\r\n\r\n<p>&nbsp;<\/p>\r\n<p style=\"text-align: left;\">Eure Trauung findet statt, wann und wo ihr m\u00f6chtet, wir sind zeitlich und \u00f6rtlich v\u00f6llig unabh\u00e4ngig. Ob auf einem Boot, im elterlichen Garten oder im Hotel, ob morgens oder zum Sonnenuntergang: Ihr entscheidet, und ich bin gern f\u00fcr euch da.<\/p>\r\n\r\n\r\n\r\n<p style=\"text-align: left;\">In der Gestaltung eurer Freien Trauung sind wir ganz frei. Ich schlage euch eine Vielzahl an Ritualen und M\u00f6glichkeiten vor, und ihr sucht aus, was euch gef\u00e4llt \u2013 so wird eure Zeremonie einzigartig. Jede Trauung ist anders und wird bis ins Detail mit euch abgesprochen.<\/p>\r\n\r\n\r\n\r\n<p style=\"text-align: left;\">Es k\u00f6nnen nicht nur alle Familienmitglieder und FreundInnen dabei sein, ich beziehe auch gern Kinder, Eltern, Trauzeugen oder besonders wichtige G\u00e4ste in die Trauung mit ein.<\/p>\r\n\r\n\r\n\r\n<p style=\"text-align: left;\">Und nat\u00fcrlich k\u00f6nnen wir gern einen Migrationshintergrund ber\u00fccksichtigen.<\/p>\r\n\r\n\r\n\r\n<p style=\"text-align: left;\">Romantisch, fr\u00f6hlich und emotional \u2013 das ist eine Freie Trauung. Ich freue mich darauf, aus eurem gro\u00dfen Tag eine Traumhochzeit zu machen.<\/p>\r\n\r\n\r\n\r\n<figure class=\"wp-block-image size-full\"><img loading=\"lazy\" decoding=\"async\" width=\"640\" height=\"960\" class=\"wp-image-20\" src=\"https:\/\/hoch-zeit.com\/wp-content\/uploads\/2023\/06\/201207ag.jpg\" alt=\"\" srcset=\"https:\/\/hoch-zeit.com\/wp-content\/uploads\/2023\/06\/201207ag.jpg 640w, https:\/\/hoch-zeit.com\/wp-content\/uploads\/2023\/06\/201207ag-200x300.jpg 200w\" sizes=\"auto, (max-width: 640px) 100vw, 640px\" \/><\/figure>\r\n\r\n\r\n\r\n<h2 class=\"wp-block-heading\" style=\"text-align: left;\">\u00dcber mich<\/h2>\r\n\r\n\r\n\r\n<p style=\"text-align: left;\">Meine Begeisterung f\u00fcr Hochzeiten hat 2010 mit meiner eigenen begonnen. Wir entschieden uns f\u00fcr eine freie Zeremonie, und es war eine bewegende, fr\u00f6hliche Feier. Diese Erfahrung m\u00f6chte ich gern an euch weitergeben.\u00a0<\/p>\r\n\r\n\r\n\r\n<p style=\"text-align: left;\">In den letzten zw\u00f6lf Jahren habe ich rund hundertf\u00fcnfzig Hochzeitspaare bei ihrem gro\u00dfen Moment begleitet. Und jedesmal, wenn die G\u00e4ste aufstehen, die Braut den Raum betritt und der Br\u00e4utigam strahlt, freue ich mich, dabei zu sein.<\/p>\r\n\r\n\r\n\r\n<p style=\"text-align: left;\">Ich bin Jahrgang 1973, nichtkonfessionell und geh\u00f6re keiner politischen Gruppe an.<br \/>Seit meiner Promotion in Kunstgeschichte 2002 arbeite ich als freie Belletristik-Autorin und Journalistin. Ich schreibe f\u00fcr diverse Verlage und Illustrierte, halte kultur- und kunsthistorische Vortr\u00e4ge und lehre Lyrik an der\u00a0 Berliner Alice-Salomon-Hochschule.<br \/>Recherchieren, Formulieren und lebendiges Vortragen geh\u00f6ren also seit Jahren zu meinem Beruf.<\/p>\r\n\r\n\r\n\r\n<p style=\"text-align: left;\">Weitere Informationen \u00fcber meine Arbeit findet ihr auf meiner Homepage <a href=\"https:\/\/schuemmer.com\" target=\"_blank\" rel=\"noreferrer noopener\">www.schuemmer.com<\/a>.<\/p>\r\n\r\n\r\n\r\n<figure class=\"wp-block-image size-large\"><img loading=\"lazy\" decoding=\"async\" width=\"1024\" height=\"548\" class=\"wp-image-21\" src=\"https:\/\/hoch-zeit.com\/wp-content\/uploads\/2023\/06\/stegbild-1024x548.jpg\" alt=\"\" srcset=\"https:\/\/hoch-zeit.com\/wp-content\/uploads\/2023\/06\/stegbild-1024x548.jpg 1024w, https:\/\/hoch-zeit.com\/wp-content\/uploads\/2023\/06\/stegbild-300x161.jpg 300w, https:\/\/hoch-zeit.com\/wp-content\/uploads\/2023\/06\/stegbild-768x411.jpg 768w, https:\/\/hoch-zeit.com\/wp-content\/uploads\/2023\/06\/stegbild.jpg 1180w\" sizes=\"auto, (max-width: 767px) 89vw, (max-width: 1000px) 54vw, (max-width: 1071px) 543px, 580px\" \/><\/figure>\r\n\r\n\r\n\r\n<h2 class=\"wp-block-heading\" style=\"text-align: left;\">Was passiert jetzt?<\/h2>\r\n\r\n\r\n\r\n<p style=\"text-align: left;\">Vor eurer Hochzeit gibt es zwei Treffen in Berlin:\u00a0<\/p>\r\n\r\n\r\n\r\n<p style=\"text-align: left;\">Nach einem ersten Kennenlernen, das nat\u00fcrlich unverbindlich und kostenlos ist, bekommt ihr einen ausf\u00fchrlichen Fragebogen, den ihr bitte getrennt voneinander beantwortet und der die Grundlage der Rede wird.<\/p>\r\n\r\n\r\n\r\n<p style=\"text-align: left;\">Beim zweiten Treffen stellen wir eure Zeremonie zusammen und kl\u00e4ren alle offenen Organisationsfragen \u2013 die gro\u00dfen, aber auch die kleinen wie z.B.: Wohin mit benutzten Taschent\u00fcchern, wenn bei der Trauung die Freudentr\u00e4nen flie\u00dfen? Wieso darf in der Blumenvase f\u00fcr den Brautstrau\u00df kein Wasser sein? Sitzt der Br\u00e4utigam rechts oder links von der Braut und was hat das mit ihrer Frisur zu tun?\u00a0<\/p>\r\n\r\n\r\n\r\n<p style=\"text-align: left;\">Ich h\u00f6re euch genau zu und schreibe eine emotionale, fr\u00f6hliche Rede mit eurer Liebesgeschichte. Ihr m\u00f6chtet die Rede superomantisch oder im Gegenteil eher sachlich? Das ist \u00fcberhaupt kein Problem, ich treffe den Ton, der euch ber\u00fchrt.<\/p>\r\n\r\n\r\n\r\n<p style=\"text-align: left;\">Zusammen mit euch entwickle ich den Zeremonie-Teil. Ich schlage viele Rituale und Symbole vor, aus denen ihr euch aussucht, was euch entspricht. Ob Hochzeitskerze, Ringsegen, Hochzeitsbrot, Brautbecher, Wunschbaum oder ein ganz individuelles Ritual, wir finden die perfekte Zeremonie f\u00fcr euch.<\/p>\r\n\r\n\r\n\r\n<p style=\"text-align: left;\">Wenn G\u00e4ste beteiligt werden sollen, spreche ich vorher mit ihnen ab, was passieren wird, und helfe auf Wunsch auch beim Formulieren, wenn z.B. gute W\u00fcnsche vorgetragen werden sollen.\u00a0<\/p>\r\n\r\n\r\n\r\n<p style=\"text-align: left;\">Eine gelungene Zeremonie braucht einen stimmigen Ablauf. Ich strukturiere die Feier so, dass das Ja-Wort der absolute emotionale H\u00f6hepunkt wird.<\/p>\r\n\r\n\r\n\r\n<p style=\"text-align: left;\">Organisation ist alles. Ich k\u00fcmmere mich vor Ort darum, dass alles f\u00fcr die Zeremonie am Platz ist und reibungslos abl\u00e4uft, damit ihr euch ganz auf euch konzentrieren k\u00f6nnt und die Zeremonie von der ersten bis zur letzten Minute genie\u00dft.<\/p>\r\n\r\n\r\n\r\n\r\n\r\n\r\n<\/p>\r\n<figure id=\"attachment_53\" aria-describedby=\"caption-attachment-53\" style=\"width: 1707px\" class=\"wp-caption alignnone\"><img loading=\"lazy\" decoding=\"async\" class=\"wp-image-53 size-full\" src=\"https:\/\/hoch-zeit.com\/wp-content\/uploads\/2023\/06\/Schlepzig_26072020_0143-scaled.jpg\" alt=\"\" width=\"1707\" height=\"2560\" srcset=\"https:\/\/hoch-zeit.com\/wp-content\/uploads\/2023\/06\/Schlepzig_26072020_0143-scaled.jpg 1707w, https:\/\/hoch-zeit.com\/wp-content\/uploads\/2023\/06\/Schlepzig_26072020_0143-200x300.jpg 200w, https:\/\/hoch-zeit.com\/wp-content\/uploads\/2023\/06\/Schlepzig_26072020_0143-683x1024.jpg 683w, https:\/\/hoch-zeit.com\/wp-content\/uploads\/2023\/06\/Schlepzig_26072020_0143-768x1152.jpg 768w, https:\/\/hoch-zeit.com\/wp-content\/uploads\/2023\/06\/Schlepzig_26072020_0143-1024x1536.jpg 1024w, https:\/\/hoch-zeit.com\/wp-content\/uploads\/2023\/06\/Schlepzig_26072020_0143-1365x2048.jpg 1365w\" sizes=\"auto, (max-width: 767px) 89vw, (max-width: 1000px) 54vw, (max-width: 1071px) 543px, 580px\" \/><figcaption id=\"caption-attachment-53\" class=\"wp-caption-text\">Foto: Patricia Kalisch, www.patriciakalisch.de<\/figcaption><\/figure>\r\n<h2 class=\"wp-block-heading\" style=\"text-align: left;\">Habt ihr Kinder?<\/h2>\r\n\r\n\r\n\r\n<p style=\"text-align: left;\"><strong><br \/><\/strong>Nat\u00fcrlich k\u00f6nnen wir eure Kinder in die Freie Trauung einbinden. Oft geht es bei einer Hochzeit ja nicht nur um zwei Menschen, es entsteht eine ganz neue Familie.\u00a0<\/p>\r\n\r\n\r\n\r\n<p style=\"text-align: left;\">In einer Patchworkfamilie werden unterschiedliche Lebenswege zusammengef\u00fchrt. Ich schlage euch gern M\u00f6glichkeiten vor, um dies auszudr\u00fccken.<\/p>\r\n\r\n\r\n\r\n<p style=\"text-align: left;\">Ein sehr sch\u00f6ner Brauch ist es auch, ein neu geborenes oder gerade adoptiertes Kind mit einer Willkommens- oder Namens-Feier in der Familie zu begr\u00fc\u00dfen. Auch hier gibt es viele unterschiedliche, emotionale Rituale, die ich euch gern vorstelle. Und nat\u00fcrlich schreibe ich f\u00fcr das neue Familienmitglied eine herzliche Rede.<\/p>\r\n\r\n\r\n\r\n\r\n\r\n<h2 class=\"wp-block-heading\" style=\"text-align: left;\"><img loading=\"lazy\" decoding=\"async\" class=\"alignnone  wp-image-55\" src=\"https:\/\/hoch-zeit.com\/wp-content\/uploads\/2023\/06\/eltern1-300x200.jpg\" alt=\"\" width=\"452\" height=\"301\" srcset=\"https:\/\/hoch-zeit.com\/wp-content\/uploads\/2023\/06\/eltern1-300x200.jpg 300w, https:\/\/hoch-zeit.com\/wp-content\/uploads\/2023\/06\/eltern1.jpg 400w\" sizes=\"auto, (max-width: 452px) 100vw, 452px\" \/><\/h2>\r\n<h2 class=\"wp-block-heading\" style=\"text-align: left;\">Was kostet es?<\/h2>\r\n\r\n\r\n\r\n<p style=\"text-align: left;\">Damit es nicht eine Standard-Trauung, sondern eine einzigartige Traumhochzeit wird, bin ich f\u00fcr eure Freie Trauung insgesamt etwa 15 bis 20 Stunden im Einsatz.<\/p>\r\n\r\n\r\n\r\n<p style=\"text-align: left;\">Meine Zeremonien sind keine Standart-Feiern, sondern ganz individuell auf euch und eure W\u00fcnsche abgestimmt.\u00a0<\/p>\r\n\r\n\r\n\r\n<p style=\"text-align: left;\">In der Rede verwende ich selbstverst\u00e4ndlich keine Textbl\u00f6cke, sondern schreibe sie exklusiv f\u00fcr euch beide mit viel Empathie und Humor.\u00a0<\/p>\r\n\r\n\r\n\r\n<p style=\"text-align: left;\">Ich kenne mich bei alten und internationalen Br\u00e4uchen aus und bin ge\u00fcbt darin, Rituale speziell f\u00fcr euch abzuwandeln oder neu zu gestalten.\u00a0<\/p>\r\n\r\n\r\n\r\n<p style=\"text-align: left;\">Gibt es Probleme bei eurer Planung, bin ich jederzeit f\u00fcr euch da. Ich stehe euch mit Tipps und viel Erfahrung zur Seite.<\/p>\r\n\r\n\r\n\r\n<p style=\"text-align: left;\">F\u00fcr Freie Trauungen und Erneuerungen des Ehegel\u00fcbdes berechne ich ein Honorar von \u20ac 1100,- (inklusive MwSt.), und zwar unabh\u00e4ngig davon, wie lange unsere Treffen dauern, mit wie vielen Angeh\u00f6rigen und Freunden ich im Vorfeld spreche oder wie kurzfristig ihr mich beauftragt.\u00a0<\/p>\r\n\r\n\r\n\r\n<p style=\"text-align: left;\">Eine eigene Willkommens- oder Namensfeier f\u00fcr Kinder kostet \u20ac 600,- (inklusive MwSt.)<\/p>\r\n\r\n\r\n\r\n<p style=\"text-align: left;\">Meine Preise sind Pauschal-Honorare, das hei\u00dft, Fahrtkosten oder \u00c4hnliches berechne ich nicht.<\/p>\r\n\r\n\r\n\r\n<figure class=\"wp-block-image size-full\"><\/figure>\r\n<p><img loading=\"lazy\" decoding=\"async\" class=\"alignnone wp-image-58 size-full\" src=\"https:\/\/hoch-zeit.com\/wp-content\/uploads\/2023\/06\/FreiTrauungenFotos-26.jpg\" alt=\"\" width=\"1000\" height=\"667\" srcset=\"https:\/\/hoch-zeit.com\/wp-content\/uploads\/2023\/06\/FreiTrauungenFotos-26.jpg 1000w, https:\/\/hoch-zeit.com\/wp-content\/uploads\/2023\/06\/FreiTrauungenFotos-26-300x200.jpg 300w, https:\/\/hoch-zeit.com\/wp-content\/uploads\/2023\/06\/FreiTrauungenFotos-26-768x512.jpg 768w\" sizes=\"auto, (max-width: 767px) 89vw, (max-width: 1000px) 54vw, (max-width: 1071px) 543px, 580px\" \/><\/p>\r\n\r\n\r\n\r\n<h2>Und was, wenn ich mal krank werde?<\/h2>\r\n<p>Die Planung und das Schreiben der Rede findet ja zeitlich flexibel in den Wochen und Monaten vor eurem Termin statt, das \u00fcbernehme auf jeden Fall ich.<br \/>Ein gebrochenes Bein oder eine Grippe w\u00fcrde mich nicht davon abhalten, zu eurer Hochzeit zu kommen. Ich wei\u00df, dass das ein wichtiger Tag f\u00fcr euch ist, der nicht wiederholt werden kann, also mache ich alles m\u00f6glich, was nur geht.<br \/>Sollte ich aber wirklich einmal schwer erkranken &#8211; keine Sorge! In dem Fall springt mein Mann f\u00fcr mich ein. Marcus ist Autor und Lektor, er hat eine tolle Stimme (ich sage immer \u201eH\u00f6rbuchstimme\u201c) und wird die Rede professionell und mit viel Humor vortragen.<br \/>Hier eine Klangprobe:<\/p>\r\n<audio class=\"wp-audio-shortcode\" id=\"audio-2-2\" preload=\"none\" style=\"width: 100%;\" controls=\"controls\"><source type=\"audio\/mpeg\" src=\"https:\/\/hoch-zeit.com\/wp-content\/uploads\/2023\/07\/hochzeit_MJ.mp3?_=2\" \/><a href=\"https:\/\/hoch-zeit.com\/wp-content\/uploads\/2023\/07\/hochzeit_MJ.mp3\">https:\/\/hoch-zeit.com\/wp-content\/uploads\/2023\/07\/hochzeit_MJ.mp3<\/a><\/audio>\r\n<p><img loading=\"lazy\" decoding=\"async\" class=\"alignnone wp-image-70 size-full\" src=\"https:\/\/hoch-zeit.com\/wp-content\/uploads\/2023\/07\/hochzeit_Paar.jpg\" alt=\"\" width=\"1000\" height=\"882\" srcset=\"https:\/\/hoch-zeit.com\/wp-content\/uploads\/2023\/07\/hochzeit_Paar.jpg 1000w, https:\/\/hoch-zeit.com\/wp-content\/uploads\/2023\/07\/hochzeit_Paar-300x265.jpg 300w, https:\/\/hoch-zeit.com\/wp-content\/uploads\/2023\/07\/hochzeit_Paar-768x677.jpg 768w\" sizes=\"auto, (max-width: 767px) 89vw, (max-width: 1000px) 54vw, (max-width: 1071px) 543px, 580px\" \/><\/p>\r\n<h2 style=\"text-align: left;\"><strong>Kontakt<\/strong><\/h2>\r\n\r\n\r\n\r\n<p style=\"text-align: left;\">Habt ihr noch Fragen, Pl\u00e4ne, Ideen, Sonderw\u00fcnsche, die ihr hier nicht erw\u00e4hnt findet? Sprecht mich an. Ich bem\u00fche mich, alles m\u00f6glich zu machen, damit eure Trauung perfekt wird, und freue mich darauf, euch bei dem sch\u00f6nsten \u201eJa\u201c eures gemeinsamen Lebens zu begleiten!<\/p>\r\n\r\n\r\n\r\n<p style=\"text-align: left;\"><a href=\"mailto:silke-andrea-schuemmer@web.de\">E-Mail: silke-andrea-schuemmer@web.de<\/a><\/p>\r\n\r\n\r\n\r\n<figure class=\"wp-block-image size-full\"><img loading=\"lazy\" decoding=\"async\" width=\"200\" height=\"59\" class=\"wp-image-26\" src=\"https:\/\/hoch-zeit.com\/wp-content\/uploads\/2023\/06\/facebook.jpg\" alt=\"\" \/><\/figure>\r\n\r\n\r\n\r\n<p style=\"text-align: left;\"><a href=\"https:\/\/facebook.com\/schuemmer\">https:\/\/facebook.com\/schuemmer<\/a><\/p>\r\n<p style=\"text-align: left;\"><img loading=\"lazy\" decoding=\"async\" class=\"alignnone size-medium wp-image-39\" src=\"https:\/\/hoch-zeit.com\/wp-content\/uploads\/2023\/06\/Instagram-Icon-300x300.png\" alt=\"\" width=\"300\" height=\"300\" srcset=\"https:\/\/hoch-zeit.com\/wp-content\/uploads\/2023\/06\/Instagram-Icon-300x300.png 300w, https:\/\/hoch-zeit.com\/wp-content\/uploads\/2023\/06\/Instagram-Icon-1024x1024.png 1024w, https:\/\/hoch-zeit.com\/wp-content\/uploads\/2023\/06\/Instagram-Icon-150x150.png 150w, https:\/\/hoch-zeit.com\/wp-content\/uploads\/2023\/06\/Instagram-Icon-768x767.png 768w, https:\/\/hoch-zeit.com\/wp-content\/uploads\/2023\/06\/Instagram-Icon-100x100.png 100w, https:\/\/hoch-zeit.com\/wp-content\/uploads\/2023\/06\/Instagram-Icon.png 1200w\" sizes=\"auto, (max-width: 300px) 100vw, 300px\" \/><\/p>\r\n\r\n\r\n\r\n<p style=\"text-align: left;\"><a href=\"https:\/\/instagram.com\/silkeandreaschuemmer\">https:\/\/instagram.com\/silkeandreaschuemmer<\/a><\/p>\r\n\r\n\r\n\r\n<p style=\"text-align: left;\"><strong>Vortr\u00e4ge und Artikel<\/strong><\/p>\r\n\r\n\r\n\r\n<p style=\"text-align: left;\">Hier findet ihr Artikel, die ich zu den Themen Hochzeit und Freie Trauung geschrieben habe. Magazine, die sich einen Artikel zu einem speziellen Hochzeitsthema w\u00fcnschen, k\u00f6nnen sich gerne bei mir melden.<\/p>\r\n\r\n\r\n\r\n<p style=\"text-align: left;\">Was geh\u00f6rt alles zu einer Freien Trauung? Ein Artikel \u00fcber mich im\u00a0<a href=\"http:\/\/www.brautmagazin.de\/de\/news\/trends-themen\/braut\/editorialContent\/alles-wissenswerte-zur-freien-trauung\/%20\" target=\"_blank\" rel=\"noreferrer noopener\">Brautmagazin<\/a>.<\/p>\r\n\r\n\r\n\r\n<p style=\"text-align: left;\">\u00d6kologisch heiraten \u2013 ein\u00a0<a href=\"http:\/\/www.berliner-lokalnachrichten.de\/ratgeber\/oekologisch-heiraten-10-tipps-fuer-eine-gruene-hochzeit\/20207\/\" target=\"_blank\" rel=\"noreferrer noopener\">Artikel in den Berliner Lokalnachrichten<\/a>.<\/p>\r\n\r\n\r\n\r\n<figure class=\"wp-block-image size-full\"><img loading=\"lazy\" decoding=\"async\" width=\"523\" height=\"666\" class=\"wp-image-27\" src=\"https:\/\/hoch-zeit.com\/wp-content\/uploads\/2023\/06\/bub1602g.jpg\" alt=\"\" srcset=\"https:\/\/hoch-zeit.com\/wp-content\/uploads\/2023\/06\/bub1602g.jpg 523w, https:\/\/hoch-zeit.com\/wp-content\/uploads\/2023\/06\/bub1602g-236x300.jpg 236w\" sizes=\"auto, (max-width: 523px) 100vw, 523px\" \/><\/figure>\r\n\r\n\r\n\r\n<figure class=\"wp-block-image size-full\"><img loading=\"lazy\" decoding=\"async\" width=\"1000\" height=\"554\" class=\"wp-image-28\" src=\"https:\/\/hoch-zeit.com\/wp-content\/uploads\/2023\/06\/bub1602y.jpg\" alt=\"\" srcset=\"https:\/\/hoch-zeit.com\/wp-content\/uploads\/2023\/06\/bub1602y.jpg 1000w, https:\/\/hoch-zeit.com\/wp-content\/uploads\/2023\/06\/bub1602y-300x166.jpg 300w, https:\/\/hoch-zeit.com\/wp-content\/uploads\/2023\/06\/bub1602y-768x425.jpg 768w\" sizes=\"auto, (max-width: 767px) 89vw, (max-width: 1000px) 54vw, (max-width: 1071px) 543px, 580px\" \/><\/figure>\r\n","protected":false},"excerpt":{"rendered":"<p>Freie Trauungen in Berlin und Umgebung \u00a0 Eine Freie Trauung ist die romantischste und pers\u00f6nlichste M\u00f6glichkeit, \u201eJa\u201c zu sagen! Zusammen mit euch entwickle ich eine individuelle Zeremonie, in der ihr euch ganz wiederfindet. Ihr habt eure Traumfrau\/euren Traummann gefunden, jetzt feiern wir eure gro\u00dfe Liebe! Ob hetero, schwul oder lesbisch: Ihr traut euch? Ich traue &hellip; <\/p>\n<p class=\"link-more\"><a href=\"https:\/\/hoch-zeit.com\/\" class=\"more-link\"><span class=\"screen-reader-text\">\u201eDamit es der sch\u00f6nste Tag eures Lebens wird!\u201c <\/span>weiterlesen<\/a><\/p>\n","protected":false},"author":1,"featured_media":0,"parent":0,"menu_order":0,"comment_status":"closed","ping_status":"closed","template":"","meta":{"footnotes":""},"class_list":["post-2","page","type-page","status-publish","hentry"],"_links":{"self":[{"href":"https:\/\/hoch-zeit.com\/index.php?rest_route=\/wp\/v2\/pages\/2","targetHints":{"allow":["GET"]}}],"collection":[{"href":"https:\/\/hoch-zeit.com\/index.php?rest_route=\/wp\/v2\/pages"}],"about":[{"href":"https:\/\/hoch-zeit.com\/index.php?rest_route=\/wp\/v2\/types\/page"}],"author":[{"embeddable":true,"href":"https:\/\/hoch-zeit.com\/index.php?rest_route=\/wp\/v2\/users\/1"}],"replies":[{"embeddable":true,"href":"https:\/\/hoch-zeit.com\/index.php?rest_route=%2Fwp%2Fv2%2Fcomments&post=2"}],"version-history":[{"count":16,"href":"https:\/\/hoch-zeit.com\/index.php?rest_route=\/wp\/v2\/pages\/2\/revisions"}],"predecessor-version":[{"id":75,"href":"https:\/\/hoch-zeit.com\/index.php?rest_route=\/wp\/v2\/pages\/2\/revisions\/75"}],"wp:attachment":[{"href":"https:\/\/hoch-zeit.com\/index.php?rest_route=%2Fwp%2Fv2%2Fmedia&parent=2"}],"curies":[{"name":"wp","href":"https:\/\/api.w.org\/{rel}","templated":true}]}}